{"id":8226,"date":"2017-09-08T16:31:12","date_gmt":"2017-09-08T16:31:12","guid":{"rendered":"http:\/\/optimitzat.com\/evento\/adquiere-confianza-motivacion-salto-vida-personal-profesional\/"},"modified":"2017-09-08T16:34:56","modified_gmt":"2017-09-08T16:34:56","slug":"adquiere-confianza-motivacion-salto-vida-personal-profesional","status":"publish","type":"tribe_events","link":"https:\/\/optimitzat.com\/ca\/evento\/adquiere-confianza-motivacion-salto-vida-personal-profesional\/","title":{"rendered":"Autoconfian\u00e7a i motivaci\u00f3"},"content":{"rendered":"<p><span style=\"font-family: verdana, geneva, sans-serif; font-size: 12pt;\">Adquireix confian\u00e7a i motivaci\u00f3 per fer un salt en la teva vida personal i professional.<\/span><\/p>\n<p>&nbsp;<\/p>\n<p><span style=\"font-family: verdana, geneva, sans-serif; font-size: 12pt;\">El teu pitjor enemic no est\u00e0 fora, si no dins teu.<\/span><\/p>\n<p><span style=\"font-family: verdana, geneva, sans-serif; font-size: 12pt;\">Si no confies en les teves possibilitats, i saps motivar-te, no aconseguir\u00e0s els teus objectius.<\/span><\/p>\n<p><span style=\"font-family: verdana, geneva, sans-serif; font-size: 12pt;\">Descobreix en aquest pr\u00e0ctic curs com aconseguir-ho.<\/span><\/p>\n","protected":false},"excerpt":{"rendered":"<p>Adquireix confian\u00e7a i motivaci\u00f3 per fer un salt en la teva vida personal i professional. &nbsp; El teu pitjor enemic no est\u00e0 fora, si no dins teu. Si no confies [&hellip;]<\/p>\n","protected":false},"author":5,"featured_media":8224,"template":"","meta":{"_acf_changed":false,"_et_pb_use_builder":"","_et_pb_old_content":"","_et_gb_content_width":"","_tribe_events_status":"","_tribe_events_status_reason":"","footnotes":""},"tags":[394,226],"tribe_events_cat":[],"class_list":["post-8226","tribe_events","type-tribe_events","status-publish","has-post-thumbnail","hentry","tag-autoconfianca-ca","tag-motivacio"],"acf":[],"yoast_head":"<!-- This site is optimized with the Yoast SEO plugin v27.3 - https:\/\/yoast.com\/product\/yoast-seo-wordpress\/ -->\n<title>Autoconfian\u00e7a i motivaci\u00f3 - Optimitzat<\/title>\n<meta name=\"robots\" content=\"index, follow, max-snippet:-1, max-image-preview:large, max-video-preview:-1\" \/>\n<link rel=\"canonical\" href=\"https:\/\/optimitzat.com\/ca\/evento\/adquiere-confianza-motivacion-salto-vida-personal-profesional\/\" \/>\n<meta property=\"og:locale\" content=\"ca_ES\" \/>\n<meta property=\"og:type\" content=\"article\" \/>\n<meta property=\"og:title\" content=\"Autoconfian\u00e7a i motivaci\u00f3 - Optimitzat\" \/>\n<meta property=\"og:description\" content=\"Adquireix confian\u00e7a i motivaci\u00f3 per fer un salt en la teva vida personal i professional. &nbsp; El teu pitjor enemic no est\u00e0 fora, si no dins teu. Si no confies [&hellip;]\" \/>\n<meta property=\"og:url\" content=\"https:\/\/optimitzat.com\/ca\/evento\/adquiere-confianza-motivacion-salto-vida-personal-profesional\/\" \/>\n<meta property=\"og:site_name\" content=\"Optimitzat\" \/>\n<meta property=\"article:modified_time\" content=\"2017-09-08T16:34:56+00:00\" \/>\n<meta property=\"og:image\" content=\"https:\/\/optimitzat.com\/wp-content\/uploads\/2017\/09\/Autconfian\u00e7a-i-motivaci\u00f3.jpg\" \/>\n\t<meta property=\"og:image:width\" content=\"940\" \/>\n\t<meta property=\"og:image:height\" content=\"788\" \/>\n\t<meta property=\"og:image:type\" content=\"image\/jpeg\" \/>\n<meta name=\"twitter:card\" content=\"summary_large_image\" \/>\n<script type=\"application\/ld+json\" class=\"yoast-schema-graph\">{\"@context\":\"https:\\\/\\\/schema.org\",\"@graph\":[{\"@type\":\"WebPage\",\"@id\":\"https:\\\/\\\/optimitzat.com\\\/ca\\\/evento\\\/adquiere-confianza-motivacion-salto-vida-personal-profesional\\\/\",\"url\":\"https:\\\/\\\/optimitzat.com\\\/ca\\\/evento\\\/adquiere-confianza-motivacion-salto-vida-personal-profesional\\\/\",\"name\":\"Autoconfian\u00e7a i motivaci\u00f3 - Optimitzat\",\"isPartOf\":{\"@id\":\"https:\\\/\\\/optimitzat.com\\\/ca\\\/#website\"},\"primaryImageOfPage\":{\"@id\":\"https:\\\/\\\/optimitzat.com\\\/ca\\\/evento\\\/adquiere-confianza-motivacion-salto-vida-personal-profesional\\\/#primaryimage\"},\"image\":{\"@id\":\"https:\\\/\\\/optimitzat.com\\\/ca\\\/evento\\\/adquiere-confianza-motivacion-salto-vida-personal-profesional\\\/#primaryimage\"},\"thumbnailUrl\":\"https:\\\/\\\/optimitzat.com\\\/wp-content\\\/uploads\\\/2017\\\/09\\\/Autconfian\u00e7a-i-motivaci\u00f3.jpg\",\"datePublished\":\"2017-09-08T16:31:12+00:00\",\"dateModified\":\"2017-09-08T16:34:56+00:00\",\"breadcrumb\":{\"@id\":\"https:\\\/\\\/optimitzat.com\\\/ca\\\/evento\\\/adquiere-confianza-motivacion-salto-vida-personal-profesional\\\/#breadcrumb\"},\"inLanguage\":\"ca\",\"potentialAction\":[{\"@type\":\"ReadAction\",\"target\":[\"https:\\\/\\\/optimitzat.com\\\/ca\\\/evento\\\/adquiere-confianza-motivacion-salto-vida-personal-profesional\\\/\"]}]},{\"@type\":\"ImageObject\",\"inLanguage\":\"ca\",\"@id\":\"https:\\\/\\\/optimitzat.com\\\/ca\\\/evento\\\/adquiere-confianza-motivacion-salto-vida-personal-profesional\\\/#primaryimage\",\"url\":\"https:\\\/\\\/optimitzat.com\\\/wp-content\\\/uploads\\\/2017\\\/09\\\/Autconfian\u00e7a-i-motivaci\u00f3.jpg\",\"contentUrl\":\"https:\\\/\\\/optimitzat.com\\\/wp-content\\\/uploads\\\/2017\\\/09\\\/Autconfian\u00e7a-i-motivaci\u00f3.jpg\",\"width\":940,\"height\":788,\"caption\":\"Autconfian\u00e7a i motivaci\u00f3\"},{\"@type\":\"BreadcrumbList\",\"@id\":\"https:\\\/\\\/optimitzat.com\\\/ca\\\/evento\\\/adquiere-confianza-motivacion-salto-vida-personal-profesional\\\/#breadcrumb\",\"itemListElement\":[{\"@type\":\"ListItem\",\"position\":1,\"name\":\"Portada\",\"item\":\"https:\\\/\\\/optimitzat.com\\\/ca\\\/inici\\\/\"},{\"@type\":\"ListItem\",\"position\":2,\"name\":\"Eventos\",\"item\":\"https:\\\/\\\/optimitzat.com\\\/eventos\\\/\"},{\"@type\":\"ListItem\",\"position\":3,\"name\":\"Autoconfian\u00e7a i motivaci\u00f3\"}]},{\"@type\":\"WebSite\",\"@id\":\"https:\\\/\\\/optimitzat.com\\\/ca\\\/#website\",\"url\":\"https:\\\/\\\/optimitzat.com\\\/ca\\\/\",\"name\":\"Optimitzat\",\"description\":\"Ventas, Liderazgo Equipos Alto rendimiento y Motivaci\u00f3n\",\"potentialAction\":[{\"@type\":\"SearchAction\",\"target\":{\"@type\":\"EntryPoint\",\"urlTemplate\":\"https:\\\/\\\/optimitzat.com\\\/ca\\\/?s={search_term_string}\"},\"query-input\":{\"@type\":\"PropertyValueSpecification\",\"valueRequired\":true,\"valueName\":\"search_term_string\"}}],\"inLanguage\":\"ca\"}]}<\/script>\n<!-- \/ Yoast SEO plugin. -->","yoast_head_json":{"title":"Autoconfian\u00e7a i motivaci\u00f3 - Optimitzat","robots":{"index":"index","follow":"follow","max-snippet":"max-snippet:-1","max-image-preview":"max-image-preview:large","max-video-preview":"max-video-preview:-1"},"canonical":"https:\/\/optimitzat.com\/ca\/evento\/adquiere-confianza-motivacion-salto-vida-personal-profesional\/","og_locale":"ca_ES","og_type":"article","og_title":"Autoconfian\u00e7a i motivaci\u00f3 - Optimitzat","og_description":"Adquireix confian\u00e7a i motivaci\u00f3 per fer un salt en la teva vida personal i professional. &nbsp; El teu pitjor enemic no est\u00e0 fora, si no dins teu. Si no confies [&hellip;]","og_url":"https:\/\/optimitzat.com\/ca\/evento\/adquiere-confianza-motivacion-salto-vida-personal-profesional\/","og_site_name":"Optimitzat","article_modified_time":"2017-09-08T16:34:56+00:00","og_image":[{"width":940,"height":788,"url":"https:\/\/optimitzat.com\/wp-content\/uploads\/2017\/09\/Autconfian\u00e7a-i-motivaci\u00f3.jpg","type":"image\/jpeg"}],"twitter_card":"summary_large_image","schema":{"@context":"https:\/\/schema.org","@graph":[{"@type":"WebPage","@id":"https:\/\/optimitzat.com\/ca\/evento\/adquiere-confianza-motivacion-salto-vida-personal-profesional\/","url":"https:\/\/optimitzat.com\/ca\/evento\/adquiere-confianza-motivacion-salto-vida-personal-profesional\/","name":"Autoconfian\u00e7a i motivaci\u00f3 - Optimitzat","isPartOf":{"@id":"https:\/\/optimitzat.com\/ca\/#website"},"primaryImageOfPage":{"@id":"https:\/\/optimitzat.com\/ca\/evento\/adquiere-confianza-motivacion-salto-vida-personal-profesional\/#primaryimage"},"image":{"@id":"https:\/\/optimitzat.com\/ca\/evento\/adquiere-confianza-motivacion-salto-vida-personal-profesional\/#primaryimage"},"thumbnailUrl":"https:\/\/optimitzat.com\/wp-content\/uploads\/2017\/09\/Autconfian\u00e7a-i-motivaci\u00f3.jpg","datePublished":"2017-09-08T16:31:12+00:00","dateModified":"2017-09-08T16:34:56+00:00","breadcrumb":{"@id":"https:\/\/optimitzat.com\/ca\/evento\/adquiere-confianza-motivacion-salto-vida-personal-profesional\/#breadcrumb"},"inLanguage":"ca","potentialAction":[{"@type":"ReadAction","target":["https:\/\/optimitzat.com\/ca\/evento\/adquiere-confianza-motivacion-salto-vida-personal-profesional\/"]}]},{"@type":"ImageObject","inLanguage":"ca","@id":"https:\/\/optimitzat.com\/ca\/evento\/adquiere-confianza-motivacion-salto-vida-personal-profesional\/#primaryimage","url":"https:\/\/optimitzat.com\/wp-content\/uploads\/2017\/09\/Autconfian\u00e7a-i-motivaci\u00f3.jpg","contentUrl":"https:\/\/optimitzat.com\/wp-content\/uploads\/2017\/09\/Autconfian\u00e7a-i-motivaci\u00f3.jpg","width":940,"height":788,"caption":"Autconfian\u00e7a i motivaci\u00f3"},{"@type":"BreadcrumbList","@id":"https:\/\/optimitzat.com\/ca\/evento\/adquiere-confianza-motivacion-salto-vida-personal-profesional\/#breadcrumb","itemListElement":[{"@type":"ListItem","position":1,"name":"Portada","item":"https:\/\/optimitzat.com\/ca\/inici\/"},{"@type":"ListItem","position":2,"name":"Eventos","item":"https:\/\/optimitzat.com\/eventos\/"},{"@type":"ListItem","position":3,"name":"Autoconfian\u00e7a i motivaci\u00f3"}]},{"@type":"WebSite","@id":"https:\/\/optimitzat.com\/ca\/#website","url":"https:\/\/optimitzat.com\/ca\/","name":"Optimitzat","description":"Ventas, Liderazgo Equipos Alto rendimiento y Motivaci\u00f3n","potentialAction":[{"@type":"SearchAction","target":{"@type":"EntryPoint","urlTemplate":"https:\/\/optimitzat.com\/ca\/?s={search_term_string}"},"query-input":{"@type":"PropertyValueSpecification","valueRequired":true,"valueName":"search_term_string"}}],"inLanguage":"ca"}]}},"_links":{"self":[{"href":"https:\/\/optimitzat.com\/ca\/wp-json\/wp\/v2\/tribe_events\/8226","targetHints":{"allow":["GET"]}}],"collection":[{"href":"https:\/\/optimitzat.com\/ca\/wp-json\/wp\/v2\/tribe_events"}],"about":[{"href":"https:\/\/optimitzat.com\/ca\/wp-json\/wp\/v2\/types\/tribe_events"}],"author":[{"embeddable":true,"href":"https:\/\/optimitzat.com\/ca\/wp-json\/wp\/v2\/users\/5"}],"version-history":[{"count":1,"href":"https:\/\/optimitzat.com\/ca\/wp-json\/wp\/v2\/tribe_events\/8226\/revisions"}],"predecessor-version":[{"id":8229,"href":"https:\/\/optimitzat.com\/ca\/wp-json\/wp\/v2\/tribe_events\/8226\/revisions\/8229"}],"wp:featuredmedia":[{"embeddable":true,"href":"https:\/\/optimitzat.com\/ca\/wp-json\/wp\/v2\/media\/8224"}],"wp:attachment":[{"href":"https:\/\/optimitzat.com\/ca\/wp-json\/wp\/v2\/media?parent=8226"}],"wp:term":[{"taxonomy":"post_tag","embeddable":true,"href":"https:\/\/optimitzat.com\/ca\/wp-json\/wp\/v2\/tags?post=8226"},{"taxonomy":"tribe_events_cat","embeddable":true,"href":"https:\/\/optimitzat.com\/ca\/wp-json\/wp\/v2\/tribe_events_cat?post=8226"}],"curies":[{"name":"wp","href":"https:\/\/api.w.org\/{rel}","templated":true}]}}

Autoconfiança i motivació

<p><span style="font-family: verdana, geneva, sans-serif; font-size: 12pt;">Adquireix confiança i motivació per fer un salt en la teva vida personal i professional.</span></p>
<p>&nbsp;</p>
<p><span style="font-family: verdana, geneva, sans-serif; font-size: 12pt;">El teu pitjor enemic no està fora, si no dins teu.</span></p>
<p><span style="font-family: verdana, geneva, sans-serif; font-size: 12pt;">Si no confies en les teves possibilitats, i saps motivar-te, no aconseguiràs els teus objectius.</span></p>
<p><span style="font-family: verdana, geneva, sans-serif; font-size: 12pt;">Descobreix en aquest pràctic curs com aconseguir-ho.</span></p>

<p>Adquireix confiança i motivació per fer un salt en la teva vida personal i professional. &nbsp; El teu pitjor enemic no està fora, si no dins teu. Si no confies [&hellip;]</p>

<!-- This site is optimized with the Yoast SEO plugin v27.3 - https://yoast.com/product/yoast-seo-wordpress/ -->
<title>Autoconfiança i motivació - Optimitzat</title>
<meta name="robots" content="index, follow, max-snippet:-1, max-image-preview:large, max-video-preview:-1" />
<link rel="canonical" href="https://optimitzat.com/ca/evento/adquiere-confianza-motivacion-salto-vida-personal-profesional/" />
<meta property="og:locale" content="ca_ES" />
<meta property="og:type" content="article" />
<meta property="og:title" content="Autoconfiança i motivació - Optimitzat" />
<meta property="og:description" content="Adquireix confiança i motivació per fer un salt en la teva vida personal i professional. &nbsp; El teu pitjor enemic no està fora, si no dins teu. Si no confies [&hellip;]" />
<meta property="og:url" content="https://optimitzat.com/ca/evento/adquiere-confianza-motivacion-salto-vida-personal-profesional/" />
<meta property="og:site_name" content="Optimitzat" />
<meta property="article:modified_time" content="2017-09-08T16:34:56+00:00" />
<meta property="og:image" content="https://optimitzat.com/wp-content/uploads/2017/09/Autconfiança-i-motivació.jpg" />
	<meta property="og:image:width" content="940" />
	<meta property="og:image:height" content="788" />
	<meta property="og:image:type" content="image/jpeg" />
<meta name="twitter:card" content="summary_large_image" />
<script type="application/ld+json" class="yoast-schema-graph">{"@context":"https:\/\/schema.org","@graph":[{"@type":"WebPage","@id":"https:\/\/optimitzat.com\/ca\/evento\/adquiere-confianza-motivacion-salto-vida-personal-profesional\/","url":"https:\/\/optimitzat.com\/ca\/evento\/adquiere-confianza-motivacion-salto-vida-personal-profesional\/","name":"Autoconfiança i motivació - Optimitzat","isPartOf":{"@id":"https:\/\/optimitzat.com\/ca\/#website"},"primaryImageOfPage":{"@id":"https:\/\/optimitzat.com\/ca\/evento\/adquiere-confianza-motivacion-salto-vida-personal-profesional\/#primaryimage"},"image":{"@id":"https:\/\/optimitzat.com\/ca\/evento\/adquiere-confianza-motivacion-salto-vida-personal-profesional\/#primaryimage"},"thumbnailUrl":"https:\/\/optimitzat.com\/wp-content\/uploads\/2017\/09\/Autconfiança-i-motivació.jpg","datePublished":"2017-09-08T16:31:12+00:00","dateModified":"2017-09-08T16:34:56+00:00","breadcrumb":{"@id":"https:\/\/optimitzat.com\/ca\/evento\/adquiere-confianza-motivacion-salto-vida-personal-profesional\/#breadcrumb"},"inLanguage":"ca","potentialAction":[{"@type":"ReadAction","target":["https:\/\/optimitzat.com\/ca\/evento\/adquiere-confianza-motivacion-salto-vida-personal-profesional\/"]}]},{"@type":"ImageObject","inLanguage":"ca","@id":"https:\/\/optimitzat.com\/ca\/evento\/adquiere-confianza-motivacion-salto-vida-personal-profesional\/#primaryimage","url":"https:\/\/optimitzat.com\/wp-content\/uploads\/2017\/09\/Autconfiança-i-motivació.jpg","contentUrl":"https:\/\/optimitzat.com\/wp-content\/uploads\/2017\/09\/Autconfiança-i-motivació.jpg","width":940,"height":788,"caption":"Autconfiança i motivació"},{"@type":"BreadcrumbList","@id":"https:\/\/optimitzat.com\/ca\/evento\/adquiere-confianza-motivacion-salto-vida-personal-profesional\/#breadcrumb","itemListElement":[{"@type":"ListItem","position":1,"name":"Portada","item":"https:\/\/optimitzat.com\/ca\/inici\/"},{"@type":"ListItem","position":2,"name":"Eventos","item":"https:\/\/optimitzat.com\/eventos\/"},{"@type":"ListItem","position":3,"name":"Autoconfiança i motivació"}]},{"@type":"WebSite","@id":"https:\/\/optimitzat.com\/ca\/#website","url":"https:\/\/optimitzat.com\/ca\/","name":"Optimitzat","description":"Ventas, Liderazgo Equipos Alto rendimiento y Motivación","potentialAction":[{"@type":"SearchAction","target":{"@type":"EntryPoint","urlTemplate":"https:\/\/optimitzat.com\/ca\/?s={search_term_string}"},"query-input":{"@type":"PropertyValueSpecification","valueRequired":true,"valueName":"search_term_string"}}],"inLanguage":"ca"}]}</script>
<!-- / Yoast SEO plugin. -->

Autoconfiança i motivació - Optimitzat

Adquireix confiança i motivació per fer un salt en la teva vida personal i professional. &nbsp; El teu pitjor enemic no està fora, si no dins teu. Si no confies [&hellip;]

https://optimitzat.com/wp-content/uploads/2017/09/Autconfiança-i-motivació.jpg

Autconfiança i motivació

Ventas, Liderazgo Equipos Alto rendimiento y Motivación
