{"id":8211,"date":"2017-09-08T16:06:54","date_gmt":"2017-09-08T16:06:54","guid":{"rendered":"http:\/\/optimitzat.com\/?post_type=tribe_events&#038;p=8211"},"modified":"2017-09-08T16:06:54","modified_gmt":"2017-09-08T16:06:54","slug":"les-5-claus-per-liderar-amb-exit-2","status":"publish","type":"tribe_events","link":"https:\/\/optimitzat.com\/ca\/evento\/les-5-claus-per-liderar-amb-exit-2\/","title":{"rendered":"Les 5 claus per a liderar amb \u00e8xit"},"content":{"rendered":"<p><span style=\"font-family: verdana, geneva, sans-serif; font-size: 12pt;\">Descobreix com ser un l\u00edder transformacional efectiu de forma pr\u00e0ctica i efectiva<\/span><\/p>\n<p><span style=\"font-family: verdana, geneva, sans-serif; font-size: 12pt;\">Crisis en xino significat PERILL + OPORTUNITAT.\u00a0 Com a bon l\u00edder has de saber detectar les oportunitats que tens al teu entorn amb creativitat i passi\u00f3, trencant les \u201cnormes\u201d, no les lleis.<\/span><\/p>\n<p><span style=\"font-family: verdana, geneva, sans-serif; font-size: 12pt;\">El L\u00edder exit\u00f3s no \u00e9s aquell que mana, si no qui sap motivar i acompanyar el seu equip cap objectius comuns, transformant grups en EQUIPS D\u00b4ALT RENDIMENT.\u00a0 Per aix\u00f2 cal un Lideratge transformacional que permeti obtenir resultats, comen\u00e7ant per saber liderar-se un mateix tot destruint els teus \u201cASSASSINS INTERNS\u201d que t\u00b4impideixen avan\u00e7ar.<\/span><\/p>\n<p><span style=\"font-family: verdana, geneva, sans-serif; font-size: 12pt;\">Amb aquest pr\u00e0ctic taller t\u00b4emportar\u00e0s les respostes que necessitis per a liderar la teva empresa i equip amb \u00e8xit:<\/span><\/p>\n<p><span style=\"font-family: verdana, geneva, sans-serif; font-size: 12pt;\">Eines i din\u00e0miques espec\u00edfiques explicades en 5 CLAUS.<\/span><\/p>\n","protected":false},"excerpt":{"rendered":"<p>Descobreix com ser un l\u00edder transformacional efectiu de forma pr\u00e0ctica i efectiva Crisis en xino significat PERILL + OPORTUNITAT.\u00a0 Com a bon l\u00edder has de saber detectar les oportunitats que [&hellip;]<\/p>\n","protected":false},"author":5,"featured_media":8204,"template":"","meta":{"_acf_changed":false,"_et_pb_use_builder":"","_et_pb_old_content":"","_et_gb_content_width":"","_tribe_events_status":"","_tribe_events_status_reason":"","footnotes":""},"tags":[187],"tribe_events_cat":[],"class_list":["post-8211","tribe_events","type-tribe_events","status-publish","has-post-thumbnail","hentry","tag-lideratge"],"acf":[],"yoast_head":"<!-- This site is optimized with the Yoast SEO plugin v27.3 - https:\/\/yoast.com\/product\/yoast-seo-wordpress\/ -->\n<title>Les 5 claus per a liderar amb \u00e8xit - Optimitzat<\/title>\n<meta name=\"robots\" content=\"index, follow, max-snippet:-1, max-image-preview:large, max-video-preview:-1\" \/>\n<link rel=\"canonical\" href=\"https:\/\/optimitzat.com\/ca\/evento\/les-5-claus-per-liderar-amb-exit-2\/\" \/>\n<meta property=\"og:locale\" content=\"ca_ES\" \/>\n<meta property=\"og:type\" content=\"article\" \/>\n<meta property=\"og:title\" content=\"Les 5 claus per a liderar amb \u00e8xit - Optimitzat\" \/>\n<meta property=\"og:description\" content=\"Descobreix com ser un l\u00edder transformacional efectiu de forma pr\u00e0ctica i efectiva Crisis en xino significat PERILL + OPORTUNITAT.\u00a0 Com a bon l\u00edder has de saber detectar les oportunitats que [&hellip;]\" \/>\n<meta property=\"og:url\" content=\"https:\/\/optimitzat.com\/ca\/evento\/les-5-claus-per-liderar-amb-exit-2\/\" \/>\n<meta property=\"og:site_name\" content=\"Optimitzat\" \/>\n<meta property=\"og:image\" content=\"https:\/\/optimitzat.com\/wp-content\/uploads\/2017\/09\/lider-coach.jpg\" \/>\n\t<meta property=\"og:image:width\" content=\"472\" \/>\n\t<meta property=\"og:image:height\" content=\"395\" \/>\n\t<meta property=\"og:image:type\" content=\"image\/jpeg\" \/>\n<meta name=\"twitter:card\" content=\"summary_large_image\" \/>\n<meta name=\"twitter:label1\" content=\"Temps estimat de lectura\" \/>\n\t<meta name=\"twitter:data1\" content=\"1 minut\" \/>\n<script type=\"application\/ld+json\" class=\"yoast-schema-graph\">{\"@context\":\"https:\\\/\\\/schema.org\",\"@graph\":[{\"@type\":\"WebPage\",\"@id\":\"https:\\\/\\\/optimitzat.com\\\/ca\\\/evento\\\/les-5-claus-per-liderar-amb-exit-2\\\/\",\"url\":\"https:\\\/\\\/optimitzat.com\\\/ca\\\/evento\\\/les-5-claus-per-liderar-amb-exit-2\\\/\",\"name\":\"Les 5 claus per a liderar amb \u00e8xit - Optimitzat\",\"isPartOf\":{\"@id\":\"https:\\\/\\\/optimitzat.com\\\/ca\\\/#website\"},\"primaryImageOfPage\":{\"@id\":\"https:\\\/\\\/optimitzat.com\\\/ca\\\/evento\\\/les-5-claus-per-liderar-amb-exit-2\\\/#primaryimage\"},\"image\":{\"@id\":\"https:\\\/\\\/optimitzat.com\\\/ca\\\/evento\\\/les-5-claus-per-liderar-amb-exit-2\\\/#primaryimage\"},\"thumbnailUrl\":\"https:\\\/\\\/optimitzat.com\\\/wp-content\\\/uploads\\\/2017\\\/09\\\/lider-coach.jpg\",\"datePublished\":\"2017-09-08T16:06:54+00:00\",\"breadcrumb\":{\"@id\":\"https:\\\/\\\/optimitzat.com\\\/ca\\\/evento\\\/les-5-claus-per-liderar-amb-exit-2\\\/#breadcrumb\"},\"inLanguage\":\"ca\",\"potentialAction\":[{\"@type\":\"ReadAction\",\"target\":[\"https:\\\/\\\/optimitzat.com\\\/ca\\\/evento\\\/les-5-claus-per-liderar-amb-exit-2\\\/\"]}]},{\"@type\":\"ImageObject\",\"inLanguage\":\"ca\",\"@id\":\"https:\\\/\\\/optimitzat.com\\\/ca\\\/evento\\\/les-5-claus-per-liderar-amb-exit-2\\\/#primaryimage\",\"url\":\"https:\\\/\\\/optimitzat.com\\\/wp-content\\\/uploads\\\/2017\\\/09\\\/lider-coach.jpg\",\"contentUrl\":\"https:\\\/\\\/optimitzat.com\\\/wp-content\\\/uploads\\\/2017\\\/09\\\/lider-coach.jpg\",\"width\":472,\"height\":395,\"caption\":\"lider coach\"},{\"@type\":\"BreadcrumbList\",\"@id\":\"https:\\\/\\\/optimitzat.com\\\/ca\\\/evento\\\/les-5-claus-per-liderar-amb-exit-2\\\/#breadcrumb\",\"itemListElement\":[{\"@type\":\"ListItem\",\"position\":1,\"name\":\"Portada\",\"item\":\"https:\\\/\\\/optimitzat.com\\\/ca\\\/inici\\\/\"},{\"@type\":\"ListItem\",\"position\":2,\"name\":\"Eventos\",\"item\":\"https:\\\/\\\/optimitzat.com\\\/eventos\\\/\"},{\"@type\":\"ListItem\",\"position\":3,\"name\":\"Les 5 claus per a liderar amb \u00e8xit\"}]},{\"@type\":\"WebSite\",\"@id\":\"https:\\\/\\\/optimitzat.com\\\/ca\\\/#website\",\"url\":\"https:\\\/\\\/optimitzat.com\\\/ca\\\/\",\"name\":\"Optimitzat\",\"description\":\"Ventas, Liderazgo Equipos Alto rendimiento y Motivaci\u00f3n\",\"potentialAction\":[{\"@type\":\"SearchAction\",\"target\":{\"@type\":\"EntryPoint\",\"urlTemplate\":\"https:\\\/\\\/optimitzat.com\\\/ca\\\/?s={search_term_string}\"},\"query-input\":{\"@type\":\"PropertyValueSpecification\",\"valueRequired\":true,\"valueName\":\"search_term_string\"}}],\"inLanguage\":\"ca\"}]}<\/script>\n<!-- \/ Yoast SEO plugin. -->","yoast_head_json":{"title":"Les 5 claus per a liderar amb \u00e8xit - Optimitzat","robots":{"index":"index","follow":"follow","max-snippet":"max-snippet:-1","max-image-preview":"max-image-preview:large","max-video-preview":"max-video-preview:-1"},"canonical":"https:\/\/optimitzat.com\/ca\/evento\/les-5-claus-per-liderar-amb-exit-2\/","og_locale":"ca_ES","og_type":"article","og_title":"Les 5 claus per a liderar amb \u00e8xit - Optimitzat","og_description":"Descobreix com ser un l\u00edder transformacional efectiu de forma pr\u00e0ctica i efectiva Crisis en xino significat PERILL + OPORTUNITAT.\u00a0 Com a bon l\u00edder has de saber detectar les oportunitats que [&hellip;]","og_url":"https:\/\/optimitzat.com\/ca\/evento\/les-5-claus-per-liderar-amb-exit-2\/","og_site_name":"Optimitzat","og_image":[{"width":472,"height":395,"url":"https:\/\/optimitzat.com\/wp-content\/uploads\/2017\/09\/lider-coach.jpg","type":"image\/jpeg"}],"twitter_card":"summary_large_image","twitter_misc":{"Temps estimat de lectura":"1 minut"},"schema":{"@context":"https:\/\/schema.org","@graph":[{"@type":"WebPage","@id":"https:\/\/optimitzat.com\/ca\/evento\/les-5-claus-per-liderar-amb-exit-2\/","url":"https:\/\/optimitzat.com\/ca\/evento\/les-5-claus-per-liderar-amb-exit-2\/","name":"Les 5 claus per a liderar amb \u00e8xit - Optimitzat","isPartOf":{"@id":"https:\/\/optimitzat.com\/ca\/#website"},"primaryImageOfPage":{"@id":"https:\/\/optimitzat.com\/ca\/evento\/les-5-claus-per-liderar-amb-exit-2\/#primaryimage"},"image":{"@id":"https:\/\/optimitzat.com\/ca\/evento\/les-5-claus-per-liderar-amb-exit-2\/#primaryimage"},"thumbnailUrl":"https:\/\/optimitzat.com\/wp-content\/uploads\/2017\/09\/lider-coach.jpg","datePublished":"2017-09-08T16:06:54+00:00","breadcrumb":{"@id":"https:\/\/optimitzat.com\/ca\/evento\/les-5-claus-per-liderar-amb-exit-2\/#breadcrumb"},"inLanguage":"ca","potentialAction":[{"@type":"ReadAction","target":["https:\/\/optimitzat.com\/ca\/evento\/les-5-claus-per-liderar-amb-exit-2\/"]}]},{"@type":"ImageObject","inLanguage":"ca","@id":"https:\/\/optimitzat.com\/ca\/evento\/les-5-claus-per-liderar-amb-exit-2\/#primaryimage","url":"https:\/\/optimitzat.com\/wp-content\/uploads\/2017\/09\/lider-coach.jpg","contentUrl":"https:\/\/optimitzat.com\/wp-content\/uploads\/2017\/09\/lider-coach.jpg","width":472,"height":395,"caption":"lider coach"},{"@type":"BreadcrumbList","@id":"https:\/\/optimitzat.com\/ca\/evento\/les-5-claus-per-liderar-amb-exit-2\/#breadcrumb","itemListElement":[{"@type":"ListItem","position":1,"name":"Portada","item":"https:\/\/optimitzat.com\/ca\/inici\/"},{"@type":"ListItem","position":2,"name":"Eventos","item":"https:\/\/optimitzat.com\/eventos\/"},{"@type":"ListItem","position":3,"name":"Les 5 claus per a liderar amb \u00e8xit"}]},{"@type":"WebSite","@id":"https:\/\/optimitzat.com\/ca\/#website","url":"https:\/\/optimitzat.com\/ca\/","name":"Optimitzat","description":"Ventas, Liderazgo Equipos Alto rendimiento y Motivaci\u00f3n","potentialAction":[{"@type":"SearchAction","target":{"@type":"EntryPoint","urlTemplate":"https:\/\/optimitzat.com\/ca\/?s={search_term_string}"},"query-input":{"@type":"PropertyValueSpecification","valueRequired":true,"valueName":"search_term_string"}}],"inLanguage":"ca"}]}},"_links":{"self":[{"href":"https:\/\/optimitzat.com\/ca\/wp-json\/wp\/v2\/tribe_events\/8211","targetHints":{"allow":["GET"]}}],"collection":[{"href":"https:\/\/optimitzat.com\/ca\/wp-json\/wp\/v2\/tribe_events"}],"about":[{"href":"https:\/\/optimitzat.com\/ca\/wp-json\/wp\/v2\/types\/tribe_events"}],"author":[{"embeddable":true,"href":"https:\/\/optimitzat.com\/ca\/wp-json\/wp\/v2\/users\/5"}],"version-history":[{"count":1,"href":"https:\/\/optimitzat.com\/ca\/wp-json\/wp\/v2\/tribe_events\/8211\/revisions"}],"predecessor-version":[{"id":8212,"href":"https:\/\/optimitzat.com\/ca\/wp-json\/wp\/v2\/tribe_events\/8211\/revisions\/8212"}],"wp:featuredmedia":[{"embeddable":true,"href":"https:\/\/optimitzat.com\/ca\/wp-json\/wp\/v2\/media\/8204"}],"wp:attachment":[{"href":"https:\/\/optimitzat.com\/ca\/wp-json\/wp\/v2\/media?parent=8211"}],"wp:term":[{"taxonomy":"post_tag","embeddable":true,"href":"https:\/\/optimitzat.com\/ca\/wp-json\/wp\/v2\/tags?post=8211"},{"taxonomy":"tribe_events_cat","embeddable":true,"href":"https:\/\/optimitzat.com\/ca\/wp-json\/wp\/v2\/tribe_events_cat?post=8211"}],"curies":[{"name":"wp","href":"https:\/\/api.w.org\/{rel}","templated":true}]}}

Les 5 claus per a liderar amb èxit

<p><span style="font-family: verdana, geneva, sans-serif; font-size: 12pt;">Descobreix com ser un líder transformacional efectiu de forma pràctica i efectiva</span></p>
<p><span style="font-family: verdana, geneva, sans-serif; font-size: 12pt;">Crisis en xino significat PERILL + OPORTUNITAT.  Com a bon líder has de saber detectar les oportunitats que tens al teu entorn amb creativitat i passió, trencant les “normes”, no les lleis.</span></p>
<p><span style="font-family: verdana, geneva, sans-serif; font-size: 12pt;">El Líder exitós no és aquell que mana, si no qui sap motivar i acompanyar el seu equip cap objectius comuns, transformant grups en EQUIPS D´ALT RENDIMENT.  Per això cal un Lideratge transformacional que permeti obtenir resultats, començant per saber liderar-se un mateix tot destruint els teus “ASSASSINS INTERNS” que t´impideixen avançar.</span></p>
<p><span style="font-family: verdana, geneva, sans-serif; font-size: 12pt;">Amb aquest pràctic taller t´emportaràs les respostes que necessitis per a liderar la teva empresa i equip amb èxit:</span></p>
<p><span style="font-family: verdana, geneva, sans-serif; font-size: 12pt;">Eines i dinàmiques específiques explicades en 5 CLAUS.</span></p>

<p>Descobreix com ser un líder transformacional efectiu de forma pràctica i efectiva Crisis en xino significat PERILL + OPORTUNITAT.  Com a bon líder has de saber detectar les oportunitats que [&hellip;]</p>

<!-- This site is optimized with the Yoast SEO plugin v27.3 - https://yoast.com/product/yoast-seo-wordpress/ -->
<title>Les 5 claus per a liderar amb èxit - Optimitzat</title>
<meta name="robots" content="index, follow, max-snippet:-1, max-image-preview:large, max-video-preview:-1" />
<link rel="canonical" href="https://optimitzat.com/ca/evento/les-5-claus-per-liderar-amb-exit-2/" />
<meta property="og:locale" content="ca_ES" />
<meta property="og:type" content="article" />
<meta property="og:title" content="Les 5 claus per a liderar amb èxit - Optimitzat" />
<meta property="og:description" content="Descobreix com ser un líder transformacional efectiu de forma pràctica i efectiva Crisis en xino significat PERILL + OPORTUNITAT.  Com a bon líder has de saber detectar les oportunitats que [&hellip;]" />
<meta property="og:url" content="https://optimitzat.com/ca/evento/les-5-claus-per-liderar-amb-exit-2/" />
<meta property="og:site_name" content="Optimitzat" />
<meta property="og:image" content="https://optimitzat.com/wp-content/uploads/2017/09/lider-coach.jpg" />
	<meta property="og:image:width" content="472" />
	<meta property="og:image:height" content="395" />
	<meta property="og:image:type" content="image/jpeg" />
<meta name="twitter:card" content="summary_large_image" />
<meta name="twitter:label1" content="Temps estimat de lectura" />
	<meta name="twitter:data1" content="1 minut" />
<script type="application/ld+json" class="yoast-schema-graph">{"@context":"https:\/\/schema.org","@graph":[{"@type":"WebPage","@id":"https:\/\/optimitzat.com\/ca\/evento\/les-5-claus-per-liderar-amb-exit-2\/","url":"https:\/\/optimitzat.com\/ca\/evento\/les-5-claus-per-liderar-amb-exit-2\/","name":"Les 5 claus per a liderar amb èxit - Optimitzat","isPartOf":{"@id":"https:\/\/optimitzat.com\/ca\/#website"},"primaryImageOfPage":{"@id":"https:\/\/optimitzat.com\/ca\/evento\/les-5-claus-per-liderar-amb-exit-2\/#primaryimage"},"image":{"@id":"https:\/\/optimitzat.com\/ca\/evento\/les-5-claus-per-liderar-amb-exit-2\/#primaryimage"},"thumbnailUrl":"https:\/\/optimitzat.com\/wp-content\/uploads\/2017\/09\/lider-coach.jpg","datePublished":"2017-09-08T16:06:54+00:00","breadcrumb":{"@id":"https:\/\/optimitzat.com\/ca\/evento\/les-5-claus-per-liderar-amb-exit-2\/#breadcrumb"},"inLanguage":"ca","potentialAction":[{"@type":"ReadAction","target":["https:\/\/optimitzat.com\/ca\/evento\/les-5-claus-per-liderar-amb-exit-2\/"]}]},{"@type":"ImageObject","inLanguage":"ca","@id":"https:\/\/optimitzat.com\/ca\/evento\/les-5-claus-per-liderar-amb-exit-2\/#primaryimage","url":"https:\/\/optimitzat.com\/wp-content\/uploads\/2017\/09\/lider-coach.jpg","contentUrl":"https:\/\/optimitzat.com\/wp-content\/uploads\/2017\/09\/lider-coach.jpg","width":472,"height":395,"caption":"lider coach"},{"@type":"BreadcrumbList","@id":"https:\/\/optimitzat.com\/ca\/evento\/les-5-claus-per-liderar-amb-exit-2\/#breadcrumb","itemListElement":[{"@type":"ListItem","position":1,"name":"Portada","item":"https:\/\/optimitzat.com\/ca\/inici\/"},{"@type":"ListItem","position":2,"name":"Eventos","item":"https:\/\/optimitzat.com\/eventos\/"},{"@type":"ListItem","position":3,"name":"Les 5 claus per a liderar amb èxit"}]},{"@type":"WebSite","@id":"https:\/\/optimitzat.com\/ca\/#website","url":"https:\/\/optimitzat.com\/ca\/","name":"Optimitzat","description":"Ventas, Liderazgo Equipos Alto rendimiento y Motivación","potentialAction":[{"@type":"SearchAction","target":{"@type":"EntryPoint","urlTemplate":"https:\/\/optimitzat.com\/ca\/?s={search_term_string}"},"query-input":{"@type":"PropertyValueSpecification","valueRequired":true,"valueName":"search_term_string"}}],"inLanguage":"ca"}]}</script>
<!-- / Yoast SEO plugin. -->

Les 5 claus per a liderar amb èxit - Optimitzat

Descobreix com ser un líder transformacional efectiu de forma pràctica i efectiva Crisis en xino significat PERILL + OPORTUNITAT.  Com a bon líder has de saber detectar les oportunitats que [&hellip;]

Ventas, Liderazgo Equipos Alto rendimiento y Motivación
