{"id":6967,"date":"2016-09-14T17:19:24","date_gmt":"2016-09-14T17:19:24","guid":{"rendered":"http:\/\/optimitzat.com\/ca\/?post_type=tribe_events&#038;p=6967"},"modified":"2016-09-14T17:19:24","modified_gmt":"2016-09-14T17:19:24","slug":"cita-amb-les-teves-metes","status":"publish","type":"tribe_events","link":"https:\/\/optimitzat.com\/ca\/evento\/cita-amb-les-teves-metes\/","title":{"rendered":"Cita amb les teves metes"},"content":{"rendered":"<p><span style=\"font-family: verdana, geneva, sans-serif; font-size: 12pt;\">\u00bfVols 100% MOTIVACI\u00d3 i\u00a0 fer coses impossibles com CAMINAR SOBRE BRASES DE 500\u00ba?<\/span><\/p>\n<p>&nbsp;<\/p>\n<p><span style=\"font-family: verdana, geneva, sans-serif; font-size: 12pt;\">Seminari intensiu amb t\u00e8cniques d\u00b4alt Impacte (FIREWALKING &#8211; caminar sobre foc i d\u00b4altres)\u00a0 portades d\u00b4EE.UU per a treure tot el teu potencial:<\/span><\/p>\n<p><span style=\"font-family: verdana, geneva, sans-serif; font-size: 12pt;\">&#8211; Viur\u00e0s una jornada plena d\u00b4energia positiva, confian\u00e7a i optimisme<\/span><\/p>\n<p><span style=\"font-family: verdana, geneva, sans-serif; font-size: 12pt;\">&#8211; Et coneixer\u00e0s m\u00e9s i millor, imprescindible per a que tinguis \u00e8xit<\/span><\/p>\n<p><span style=\"font-family: verdana, geneva, sans-serif; font-size: 12pt;\">&#8211; Descobrir\u00e0s com la teva ment \u201ct\u00b4enganya\u201d i ets capa\u00e7 de fer coses \u201cimpossibles\u201d i molt m\u00e9s<\/span><\/p>\n<p><span style=\"font-family: verdana, geneva, sans-serif; font-size: 12pt;\">&#8211; Treur\u00e0s tot el Potencial que portes dins<\/span><\/p>\n<p><span style=\"font-family: verdana, geneva, sans-serif; font-size: 12pt;\">&#8211; Estar\u00e0s motivat i ser\u00e0s imparable en la realitzaci\u00f3 dels teus objectius<\/span><\/p>\n<p>&nbsp;<\/p>\n<p><span style=\"font-family: verdana, geneva, sans-serif; font-size: 12pt;\">GARANTITZEM UNA EXPERI\u00c8NCIA QUE MAI OBLVIDAR\u00c0S<\/span><\/p>\n<p><span style=\"font-family: verdana, geneva, sans-serif; font-size: 12pt;\">NO ESPERIS A QUE LES COSES CANVI\u00cfN PER S\u00cd SOLES, GENERA EL CANVI!<\/span><\/p>\n<p>&nbsp;<\/p>\n<p><span style=\"font-family: verdana, geneva, sans-serif; font-size: 12pt;\">Sortir\u00e0s amb un pla d\u00b4acci\u00f3 personal sota el bra\u00e7, destro\u00e7ant les teves pors i limitacions.\u00a0 Si ets capa\u00e7 de caminar sobre brases de 500\u00ba, qu\u00e8 no ser\u00e0s capa\u00e7 de fer en la teva vida personal i profesional.<\/span><\/p>\n<p>&nbsp;<\/p>\n<p><span style=\"font-family: verdana, geneva, sans-serif; font-size: 12pt;\">V\u00cdDEO DEL QUE VIUR\u00c0S: <a href=\"https:\/\/www.youtube.com\/watch?v=CHq-VAmmP1U\">https:\/\/www.youtube.com\/watch?v=CHq-VAmmP1U<\/a><\/span><\/p>\n<p>&nbsp;<\/p>\n<p><span style=\"font-family: verdana, geneva, sans-serif; font-size: 12pt;\">T\u00b4asseguro que ser\u00e0 el millor regal que t\u00b4hagis fet mai per a descubrir el el potencial que tens ocult dins teu i fer un salt en els teus resultats.<\/span><\/p>\n<p>&nbsp;<\/p>\n<p><span style=\"font-family: verdana, geneva, sans-serif; font-size: 12pt;\">AH! I si vens amb amic o un grup d\u00b4empresa, importants descomptes.<\/span><\/p>\n<p><span style=\"font-family: verdana, geneva, sans-serif; font-size: 12pt;\">Truca ara i fes la teva reserva al telf.\u00a0\u00a0 655-43.97.43<\/span><\/p>\n<p><span style=\"font-family: verdana, geneva, sans-serif; font-size: 12pt;\">Places limitades!<\/span><\/p>\n","protected":false},"excerpt":{"rendered":"<p>\u00bfVols 100% MOTIVACI\u00d3 i\u00a0 fer coses impossibles com CAMINAR SOBRE BRASES DE 500\u00ba? &nbsp; Seminari intensiu amb t\u00e8cniques d\u00b4alt Impacte (FIREWALKING &#8211; caminar sobre foc i d\u00b4altres)\u00a0 portades d\u00b4EE.UU per [&hellip;]<\/p>\n","protected":false},"author":5,"featured_media":0,"template":"","meta":{"_acf_changed":false,"_et_pb_use_builder":"","_et_pb_old_content":"","_et_gb_content_width":"","_tribe_events_status":"","_tribe_events_status_reason":"","footnotes":""},"tags":[],"tribe_events_cat":[],"class_list":["post-6967","tribe_events","type-tribe_events","status-publish","hentry"],"acf":[],"yoast_head":"<!-- This site is optimized with the Yoast SEO plugin v27.5 - https:\/\/yoast.com\/product\/yoast-seo-wordpress\/ -->\n<title>Cita amb les teves metes - Optimitzat<\/title>\n<meta name=\"robots\" content=\"index, follow, max-snippet:-1, max-image-preview:large, max-video-preview:-1\" \/>\n<link rel=\"canonical\" href=\"https:\/\/optimitzat.com\/ca\/evento\/cita-amb-les-teves-metes\/\" \/>\n<meta property=\"og:locale\" content=\"ca_ES\" \/>\n<meta property=\"og:type\" content=\"article\" \/>\n<meta property=\"og:title\" content=\"Cita amb les teves metes - Optimitzat\" \/>\n<meta property=\"og:description\" content=\"\u00bfVols 100% MOTIVACI\u00d3 i\u00a0 fer coses impossibles com CAMINAR SOBRE BRASES DE 500\u00ba? &nbsp; Seminari intensiu amb t\u00e8cniques d\u00b4alt Impacte (FIREWALKING &#8211; caminar sobre foc i d\u00b4altres)\u00a0 portades d\u00b4EE.UU per [&hellip;]\" \/>\n<meta property=\"og:url\" content=\"https:\/\/optimitzat.com\/ca\/evento\/cita-amb-les-teves-metes\/\" \/>\n<meta property=\"og:site_name\" content=\"Optimitzat\" \/>\n<meta name=\"twitter:card\" content=\"summary_large_image\" \/>\n<meta name=\"twitter:label1\" content=\"Temps estimat de lectura\" \/>\n\t<meta name=\"twitter:data1\" content=\"1 minut\" \/>\n<script type=\"application\/ld+json\" class=\"yoast-schema-graph\">{\"@context\":\"https:\\\/\\\/schema.org\",\"@graph\":[{\"@type\":\"WebPage\",\"@id\":\"https:\\\/\\\/optimitzat.com\\\/ca\\\/evento\\\/cita-amb-les-teves-metes\\\/\",\"url\":\"https:\\\/\\\/optimitzat.com\\\/ca\\\/evento\\\/cita-amb-les-teves-metes\\\/\",\"name\":\"Cita amb les teves metes - Optimitzat\",\"isPartOf\":{\"@id\":\"https:\\\/\\\/optimitzat.com\\\/ca\\\/#website\"},\"datePublished\":\"2016-09-14T17:19:24+00:00\",\"breadcrumb\":{\"@id\":\"https:\\\/\\\/optimitzat.com\\\/ca\\\/evento\\\/cita-amb-les-teves-metes\\\/#breadcrumb\"},\"inLanguage\":\"ca\",\"potentialAction\":[{\"@type\":\"ReadAction\",\"target\":[\"https:\\\/\\\/optimitzat.com\\\/ca\\\/evento\\\/cita-amb-les-teves-metes\\\/\"]}]},{\"@type\":\"BreadcrumbList\",\"@id\":\"https:\\\/\\\/optimitzat.com\\\/ca\\\/evento\\\/cita-amb-les-teves-metes\\\/#breadcrumb\",\"itemListElement\":[{\"@type\":\"ListItem\",\"position\":1,\"name\":\"Portada\",\"item\":\"https:\\\/\\\/optimitzat.com\\\/ca\\\/inici\\\/\"},{\"@type\":\"ListItem\",\"position\":2,\"name\":\"Eventos\",\"item\":\"https:\\\/\\\/optimitzat.com\\\/eventos\\\/\"},{\"@type\":\"ListItem\",\"position\":3,\"name\":\"Cita amb les teves metes\"}]},{\"@type\":\"WebSite\",\"@id\":\"https:\\\/\\\/optimitzat.com\\\/ca\\\/#website\",\"url\":\"https:\\\/\\\/optimitzat.com\\\/ca\\\/\",\"name\":\"Optimitzat\",\"description\":\"Ventas, Liderazgo Equipos Alto rendimiento y Motivaci\u00f3n\",\"potentialAction\":[{\"@type\":\"SearchAction\",\"target\":{\"@type\":\"EntryPoint\",\"urlTemplate\":\"https:\\\/\\\/optimitzat.com\\\/ca\\\/?s={search_term_string}\"},\"query-input\":{\"@type\":\"PropertyValueSpecification\",\"valueRequired\":true,\"valueName\":\"search_term_string\"}}],\"inLanguage\":\"ca\"}]}<\/script>\n<!-- \/ Yoast SEO plugin. -->","yoast_head_json":{"title":"Cita amb les teves metes - Optimitzat","robots":{"index":"index","follow":"follow","max-snippet":"max-snippet:-1","max-image-preview":"max-image-preview:large","max-video-preview":"max-video-preview:-1"},"canonical":"https:\/\/optimitzat.com\/ca\/evento\/cita-amb-les-teves-metes\/","og_locale":"ca_ES","og_type":"article","og_title":"Cita amb les teves metes - Optimitzat","og_description":"\u00bfVols 100% MOTIVACI\u00d3 i\u00a0 fer coses impossibles com CAMINAR SOBRE BRASES DE 500\u00ba? &nbsp; Seminari intensiu amb t\u00e8cniques d\u00b4alt Impacte (FIREWALKING &#8211; caminar sobre foc i d\u00b4altres)\u00a0 portades d\u00b4EE.UU per [&hellip;]","og_url":"https:\/\/optimitzat.com\/ca\/evento\/cita-amb-les-teves-metes\/","og_site_name":"Optimitzat","twitter_card":"summary_large_image","twitter_misc":{"Temps estimat de lectura":"1 minut"},"schema":{"@context":"https:\/\/schema.org","@graph":[{"@type":"WebPage","@id":"https:\/\/optimitzat.com\/ca\/evento\/cita-amb-les-teves-metes\/","url":"https:\/\/optimitzat.com\/ca\/evento\/cita-amb-les-teves-metes\/","name":"Cita amb les teves metes - Optimitzat","isPartOf":{"@id":"https:\/\/optimitzat.com\/ca\/#website"},"datePublished":"2016-09-14T17:19:24+00:00","breadcrumb":{"@id":"https:\/\/optimitzat.com\/ca\/evento\/cita-amb-les-teves-metes\/#breadcrumb"},"inLanguage":"ca","potentialAction":[{"@type":"ReadAction","target":["https:\/\/optimitzat.com\/ca\/evento\/cita-amb-les-teves-metes\/"]}]},{"@type":"BreadcrumbList","@id":"https:\/\/optimitzat.com\/ca\/evento\/cita-amb-les-teves-metes\/#breadcrumb","itemListElement":[{"@type":"ListItem","position":1,"name":"Portada","item":"https:\/\/optimitzat.com\/ca\/inici\/"},{"@type":"ListItem","position":2,"name":"Eventos","item":"https:\/\/optimitzat.com\/eventos\/"},{"@type":"ListItem","position":3,"name":"Cita amb les teves metes"}]},{"@type":"WebSite","@id":"https:\/\/optimitzat.com\/ca\/#website","url":"https:\/\/optimitzat.com\/ca\/","name":"Optimitzat","description":"Ventas, Liderazgo Equipos Alto rendimiento y Motivaci\u00f3n","potentialAction":[{"@type":"SearchAction","target":{"@type":"EntryPoint","urlTemplate":"https:\/\/optimitzat.com\/ca\/?s={search_term_string}"},"query-input":{"@type":"PropertyValueSpecification","valueRequired":true,"valueName":"search_term_string"}}],"inLanguage":"ca"}]}},"_links":{"self":[{"href":"https:\/\/optimitzat.com\/ca\/wp-json\/wp\/v2\/tribe_events\/6967","targetHints":{"allow":["GET"]}}],"collection":[{"href":"https:\/\/optimitzat.com\/ca\/wp-json\/wp\/v2\/tribe_events"}],"about":[{"href":"https:\/\/optimitzat.com\/ca\/wp-json\/wp\/v2\/types\/tribe_events"}],"author":[{"embeddable":true,"href":"https:\/\/optimitzat.com\/ca\/wp-json\/wp\/v2\/users\/5"}],"version-history":[{"count":1,"href":"https:\/\/optimitzat.com\/ca\/wp-json\/wp\/v2\/tribe_events\/6967\/revisions"}],"predecessor-version":[{"id":6968,"href":"https:\/\/optimitzat.com\/ca\/wp-json\/wp\/v2\/tribe_events\/6967\/revisions\/6968"}],"wp:attachment":[{"href":"https:\/\/optimitzat.com\/ca\/wp-json\/wp\/v2\/media?parent=6967"}],"wp:term":[{"taxonomy":"post_tag","embeddable":true,"href":"https:\/\/optimitzat.com\/ca\/wp-json\/wp\/v2\/tags?post=6967"},{"taxonomy":"tribe_events_cat","embeddable":true,"href":"https:\/\/optimitzat.com\/ca\/wp-json\/wp\/v2\/tribe_events_cat?post=6967"}],"curies":[{"name":"wp","href":"https:\/\/api.w.org\/{rel}","templated":true}]}}

<p><span style="font-family: verdana, geneva, sans-serif; font-size: 12pt;">¿Vols 100% MOTIVACIÓ i  fer coses impossibles com CAMINAR SOBRE BRASES DE 500º?</span></p>
<p>&nbsp;</p>
<p><span style="font-family: verdana, geneva, sans-serif; font-size: 12pt;">Seminari intensiu amb tècniques d´alt Impacte (FIREWALKING &#8211; caminar sobre foc i d´altres)  portades d´EE.UU per a treure tot el teu potencial:</span></p>
<p><span style="font-family: verdana, geneva, sans-serif; font-size: 12pt;">&#8211; Viuràs una jornada plena d´energia positiva, confiança i optimisme</span></p>
<p><span style="font-family: verdana, geneva, sans-serif; font-size: 12pt;">&#8211; Et coneixeràs més i millor, imprescindible per a que tinguis èxit</span></p>
<p><span style="font-family: verdana, geneva, sans-serif; font-size: 12pt;">&#8211; Descobriràs com la teva ment “t´enganya” i ets capaç de fer coses “impossibles” i molt més</span></p>
<p><span style="font-family: verdana, geneva, sans-serif; font-size: 12pt;">&#8211; Treuràs tot el Potencial que portes dins</span></p>
<p><span style="font-family: verdana, geneva, sans-serif; font-size: 12pt;">&#8211; Estaràs motivat i seràs imparable en la realització dels teus objectius</span></p>
<p>&nbsp;</p>
<p><span style="font-family: verdana, geneva, sans-serif; font-size: 12pt;">GARANTITZEM UNA EXPERIÈNCIA QUE MAI OBLVIDARÀS</span></p>
<p><span style="font-family: verdana, geneva, sans-serif; font-size: 12pt;">NO ESPERIS A QUE LES COSES CANVIÏN PER SÍ SOLES, GENERA EL CANVI!</span></p>
<p>&nbsp;</p>
<p><span style="font-family: verdana, geneva, sans-serif; font-size: 12pt;">Sortiràs amb un pla d´acció personal sota el braç, destroçant les teves pors i limitacions.  Si ets capaç de caminar sobre brases de 500º, què no seràs capaç de fer en la teva vida personal i profesional.</span></p>
<p>&nbsp;</p>
<p><span style="font-family: verdana, geneva, sans-serif; font-size: 12pt;">VÍDEO DEL QUE VIURÀS: <a href="https://www.youtube.com/watch?v=CHq-VAmmP1U">https://www.youtube.com/watch?v=CHq-VAmmP1U</a></span></p>
<p>&nbsp;</p>
<p><span style="font-family: verdana, geneva, sans-serif; font-size: 12pt;">T´asseguro que serà el millor regal que t´hagis fet mai per a descubrir el el potencial que tens ocult dins teu i fer un salt en els teus resultats.</span></p>
<p>&nbsp;</p>
<p><span style="font-family: verdana, geneva, sans-serif; font-size: 12pt;">AH! I si vens amb amic o un grup d´empresa, importants descomptes.</span></p>
<p><span style="font-family: verdana, geneva, sans-serif; font-size: 12pt;">Truca ara i fes la teva reserva al telf.   655-43.97.43</span></p>
<p><span style="font-family: verdana, geneva, sans-serif; font-size: 12pt;">Places limitades!</span></p>

<p>¿Vols 100% MOTIVACIÓ i  fer coses impossibles com CAMINAR SOBRE BRASES DE 500º? &nbsp; Seminari intensiu amb tècniques d´alt Impacte (FIREWALKING &#8211; caminar sobre foc i d´altres)  portades d´EE.UU per [&hellip;]</p>

<!-- This site is optimized with the Yoast SEO plugin v27.5 - https://yoast.com/product/yoast-seo-wordpress/ -->
<title>Cita amb les teves metes - Optimitzat</title>
<meta name="robots" content="index, follow, max-snippet:-1, max-image-preview:large, max-video-preview:-1" />
<link rel="canonical" href="https://optimitzat.com/ca/evento/cita-amb-les-teves-metes/" />
<meta property="og:locale" content="ca_ES" />
<meta property="og:type" content="article" />
<meta property="og:title" content="Cita amb les teves metes - Optimitzat" />
<meta property="og:description" content="¿Vols 100% MOTIVACIÓ i  fer coses impossibles com CAMINAR SOBRE BRASES DE 500º? &nbsp; Seminari intensiu amb tècniques d´alt Impacte (FIREWALKING &#8211; caminar sobre foc i d´altres)  portades d´EE.UU per [&hellip;]" />
<meta property="og:url" content="https://optimitzat.com/ca/evento/cita-amb-les-teves-metes/" />
<meta property="og:site_name" content="Optimitzat" />
<meta name="twitter:card" content="summary_large_image" />
<meta name="twitter:label1" content="Temps estimat de lectura" />
	<meta name="twitter:data1" content="1 minut" />
<script type="application/ld+json" class="yoast-schema-graph">{"@context":"https:\/\/schema.org","@graph":[{"@type":"WebPage","@id":"https:\/\/optimitzat.com\/ca\/evento\/cita-amb-les-teves-metes\/","url":"https:\/\/optimitzat.com\/ca\/evento\/cita-amb-les-teves-metes\/","name":"Cita amb les teves metes - Optimitzat","isPartOf":{"@id":"https:\/\/optimitzat.com\/ca\/#website"},"datePublished":"2016-09-14T17:19:24+00:00","breadcrumb":{"@id":"https:\/\/optimitzat.com\/ca\/evento\/cita-amb-les-teves-metes\/#breadcrumb"},"inLanguage":"ca","potentialAction":[{"@type":"ReadAction","target":["https:\/\/optimitzat.com\/ca\/evento\/cita-amb-les-teves-metes\/"]}]},{"@type":"BreadcrumbList","@id":"https:\/\/optimitzat.com\/ca\/evento\/cita-amb-les-teves-metes\/#breadcrumb","itemListElement":[{"@type":"ListItem","position":1,"name":"Portada","item":"https:\/\/optimitzat.com\/ca\/inici\/"},{"@type":"ListItem","position":2,"name":"Eventos","item":"https:\/\/optimitzat.com\/eventos\/"},{"@type":"ListItem","position":3,"name":"Cita amb les teves metes"}]},{"@type":"WebSite","@id":"https:\/\/optimitzat.com\/ca\/#website","url":"https:\/\/optimitzat.com\/ca\/","name":"Optimitzat","description":"Ventas, Liderazgo Equipos Alto rendimiento y Motivación","potentialAction":[{"@type":"SearchAction","target":{"@type":"EntryPoint","urlTemplate":"https:\/\/optimitzat.com\/ca\/?s={search_term_string}"},"query-input":{"@type":"PropertyValueSpecification","valueRequired":true,"valueName":"search_term_string"}}],"inLanguage":"ca"}]}</script>
<!-- / Yoast SEO plugin. -->

¿Vols 100% MOTIVACIÓ i  fer coses impossibles com CAMINAR SOBRE BRASES DE 500º? &nbsp; Seminari intensiu amb tècniques d´alt Impacte (FIREWALKING &#8211; caminar sobre foc i d´altres)  portades d´EE.UU per [&hellip;]

Ventas, Liderazgo Equipos Alto rendimiento y Motivación
